*n**5 + 5/6*n**3 - 1/12*n**s. Calculate u(-4).
-19
Let o(p) = -2*p - 1. Let v be 2/(-12) + (-190)/(-60). Suppose 6*d - v = 9. Suppose 18 = 3*r - 3*l - 2*l, l = -d*r + 12. Determine o(r).
-13
Let v(p) = -264*p + 137*p + 2 + 151*p. Let d be v(-1). Let q = 27 + d. Let n(w) = -w**3 + 4*w**2 + 4*w - 1. What is n(q)?
-6
Suppose -2*d = w - 150, 0 = 5*d - 3*w + 2*w - 361. Let g(h) = 61 + d + 2*h + 65 - 194. Give g(-2).
1
Let z(f) = 5*f**2 - f - 1. Let h = -6 + 4. Let x(s) = 42 + 41 - 169 + 43 + 40 - s. Let w be x(h). Give z(w).
5
Let w(x) be the first derivative of x**4/4 + 2*x**3 - 3*x**2 + 7*x + 3. Suppose -40*s = s - 1148. Suppose s*p - 25*p = -21. Determine w(p).
0
Suppose 3*i + 122 = 131. Let g(h) = 7*h + 2. What is g(i)?
23
Let o = -24510 - -24518. Let d(n) = -2*n + 39. Give d(o).
23
Let t(m) be the third derivative of m**4/12 - m**3/6 - 12*m**2 - m. Let b(s) = 14*s - 3. Let w(j) = 2*b(j) - 10*t(j). What is w(3)?
28
Let n = 1 - 0. Let p(j) = 5*j - 2. Let g(u) = -3*u - 5. Let q(y) = 2*y + 5. Let w(v) = g(v) + q(v). Let i(f) = n*p(f) + 6*w(f). Determine i(0).
-2
Let q(j) = j**2 - 3*j - 12. Let m be (-1)/3*16/((-192)/(-324)). Let v be m*(8 + 260/(-30)). Calculate q(v).
6
Let q(s) = 16201*s - 8098*s - 8071*s - 4. Give q(2).
60
Let v(l) = l**2 + 18*l - 23. Suppose -265 - 279 = 70*p - 38*p. Give v(p).
-40
Let d = 505 - 507. Let c(j) = -25*j - 10. Let q(g) = 11*g + 6. Let n(h) = d*c(h) - 5*q(h). Determine n(-4).
10
Let r(n) = n**3 - 7*n**2 + 2*n - 6. Let h = 10383 - 10378. Calculate r(h).
-46
Suppose 143*c + 1656 = -64*c. Let t(g) = -6*g**2 - 5*g - 11. Let a(i) = 7*i**2 + 4*i + 11. Let f(p) = 5*a(p) + 6*t(p). Determine f(c).
5
Let q(m) be the first derivative of -m**2/2 + 8*m - 1. Suppose 0 = -585*u + 1035*u - 3150. Determine q(u).
1
Let x(k) = k**2 + 116*k - 14. Let b(a) = -2*a**2 - 202*a + 25. Let j(q) = 4*b(q) + 7*x(q). Suppose -5*i - 2*m = -25, 25 - 6 = 3*i + 2*m. Calculate j(i).
5
Let s be 2/(4 - ((-285)/282 + 5)). Let q = 196 - s. Let h(r) = r**3 - 7*r**2 - 7*r - 5. Give h(q).
3
Let y(o) be the third derivative of -5*o**4/12 - 13*o**3/3 - o**2 - 633*o. What is y(-3)?
4
Let r(q) = -5*q + 2 - 53*q**2 + 0*q - 6*q + 64*q**2. Give r(1).
2
Suppose 116 = 4*x + 96. Suppose -3*d - 271 - 221 = -3*z, -x*d - 823 = -2*z. Let j be (-2)/(-15) - 473/d. Let b(s) = s**3 - 2*s**2 - s - 4. What is b(j)?
2
Let s(f) be the second derivative of -f**4/12 - f**3/6 + f**2 - 2*f. Let k(w) = -16*w + 54. Let a be k(10). Let h = a + 104. What is s(h)?
0
Suppose 2722 - 382 = -63*l + 531*l. Let h(v) = -v - 6. Let i be h(-6). Let y(q) = -3 + i - 5*q**2 + 8*q + 3*q**2. What is y(l)?
-13
Let a(k) = -6*k + 2. Suppose 0 = -6*w + 50 - 2. Let q be ((-42)/28)/((-3)/52). Suppose -4*d = 2*u - w*d + 14, 2*u + 4*d = q. Give a(u).
-16
Let d = 52 + -25. Suppose 5*b = -4*y + d, 3 = b - 4*y + 12. Let l be (0 + b)/(2/2). Let t(f) = -f - 1. Give t(l).
-4
Let b(v) be the third derivative of v**6/120 + v**5/12 + 7*v**4/24 + 16*v**3/3 - 2452*v**2. Give b(-5).
-3
Let o(l) be the second derivative of 0 - 25*l - 11/2*l**2 + 1/3*l**3. Calculate o(6).
1
Let u(q) = -q**3 - 3*q**2 + 2*q - 1. Suppose x = 5*y + 16, x + 4*y + 10 = -10. Determine u(x).
7
Let w(i) = -i**2 - 9*i + 13. Let d be (0/8)/(-4 + 1). Let s be (7 + (4 - 5))*2/4. Suppose 5*r - 50 = s*y, d = y + r + r + 2. Give w(y).
3
Let g(c) = 11*c**2 - 48*c + 339. Let a(w) = -6*w**2 + 24*w - 173. Let s(y) = 9*a(y) + 5*g(y). Calculate s(13).
-5
Let c be 2/((-2)/2*2). Let j(l) = -769566814*l + 1 + 769566814*l - l**2. Calculate j(c).
0
Suppose -2*s - 2*c + 6 = 0, -c + 19 = 5*s - 0*c. Let x(h) = h + 32 + 40 - 78 + h**2 - s*h. Calculate x(6).
12
Suppose 2*h - 3*w - 5 - 5 = 0, -5*h - w = -8. Suppose -h*s - 4 = m - 2*m, 3*s + 2 = m. Let y(v) be the first derivative of -v**2/2 + 5*v + 56. Give y(m).
-3
Suppose 14 = g + 42. Let d = g - -31. Suppose -20 = 4*o + u + 3*u, -3*o + d*u = -3. Let c(k) = 3*k**3 + 4*k**2 + 2*k. Determine c(o).
-12
Let g(n) = 3*n**2 - n - 3. Let s(p) = 11*p**2 - 7*p - 5. Let w(h) = -3*g(h) + s(h). Let d be (-6)/(-2) - 5 - (-1 + -2). Give w(d).
2
Let v be (10/(-7) - -2) + (-60)/(-42). Let w(b) = 1484 + 3*b + 2*b - b**3 - 7*b**v - 1479. Give w(-7).
-30
Let n(k) = -7*k + 40. Let t = -3052 - -4286. Suppose 1239*c - 25 = t*c. Determine n(c).
5
Let k(x) = -2 - 1 + 2 + 3*x. Let h = -161173 + 161180. What is k(h)?
20
Let x(c) be the first derivative of -4/3*c**3 + 10*c - 7/12*c**4 - 4*c**2 - 1/20*c**5 - 7. Let p(b) be the first derivative of x(b). Determine p(-6).
4
Let g = 562 - 562. Let x(n) = -4 - 39*n + 40*n + 26. Give x(g).
22
Let v(k) be the third derivative of -k**4/6 - k**3/6 - 2*k**2 - 49*k. Let b = -3 - -2. Give v(b).
3
Let l(v) = v + 9. Let a(q) = -q**2 - 8*q - 12. Let w be a(-5). Let m = 174 + -172. Suppose m*y = -2*y - w*y. Calculate l(y).
9
Let o(y) = 5*y - 1. Let x(l) = -l**3 + 9*l**2 - l - 18. Let c be x(4). Let j = c - 53. Suppose j*u = -u + 6. What is o(u)?
4
Suppose -7*g - 6*g + 100 = 178. Let b(i) = -i**2 + 12*i + 98. Calculate b(g).
-10
Let z(w) be the third derivative of -7/24*w**4 + 5/6*w**3 + 1/360*w**6 + 0 - 2*w**2 - 1/24*w**5 + 0*w. Let g(l) be the first derivative of z(l). Determine g(6).
-1
Let t(x) = -x**3 - 29*x**2 - 195*x + 44. Let a be t(-11). Let j(v) = v**3 - 14*v**2 + 32*v + 16. Determine j(a).
5
Let q be (-6)/1 + (-204)/51. Let f(h) = h + 19. What is f(q)?
9
Let o(h) = 6*h - 16. Let w = 735 - 731. What is o(w)?
8
Let s(j) be the third derivative of j**4/8 + 17*j**3/6 + 168*j**2 - 2. What is s(-17)?
-34
Suppose -2*q + q = -3. Let h = 74 + 151. Let l(u) = 3*u**2 - u**3 + 1 - u**2 + 227*u - h*u. Calculate l(q).
-2
Let v(d) = -48*d**2 + 9*d + 10. Let s(p) = p**2 - 2*p - 4. Let x(y) = 3*s(y) + v(y). What is x(1)?
-44
Let p(k) = -656563 - 656562 + 1313190 + 34*k. Calculate p(-2).
-3
Suppose 0 = -x - 7 + 4. Let n(a) = -3. Let p(v) = 1. Let o(h) = x*n(h) - 8*p(h). Let z(q) = q - 8. Let m(u) = 3*o(u) - z(u). What is m(0)?
11
Let t = 21 - 10. Suppose -t*x = -3 - 41. Let h(d) be the third derivative of d**4/8 + d**3/2 - 12*d**2. Calculate h(x).
15
Suppose 4*u = -3*u + 329. Let o = u - 47. Let y(v) = -5*v**2 + o*v**3 + 2*v + v**3 + 4*v**2. Give y(2).
8
Suppose 6*y + 14*y = -2*y + 88. Let b(t) be the first derivative of 0*t**2 + 36 + 11/3*t**3 + 0*t + 1/4*t**y. Calculate b(-11).
0
Let g(x) = -2*x**3 + 206*x**2 + 2*x - 211. Let z be g(103). Let j(k) = -16*k - 3. What is j(z)?
77
Let t(u) = -u**2 - u + 3. Let k(o) = o - 2. Let q(h) = -5*k(h) - 4*t(h). Let l(w) = 9*w**2 - 2*w - 3. Let i(c) = 3*l(c) - 7*q(c). Determine i(4).
-7
Let l = -15019 - -15013. Let o(x) = -2*x**2 - 8*x - 18. Determine o(l).
-42
Let j(q) = -2*q**2 - 2. Let l(t) = -6*t**2 - 9*t - 11. Let s(z) = 5*j(z) - l(z). Determine s(4).
-27
Let s(g) = -g**2 - 12*g - 22. Let o be s(-10). Let p be 2*(o/(-1) + 21). Suppose -7*u - 3 = p. Let r(j) = j**2 + 8*j - 1. Calculate r(u).
-8
Let v(i) = -10 + 0*i**2 - 7*i - 9*i**2 + 7*i**2 + i**2. Let a be v(-9). Let f = -30 - a. Let n(y) = -5*y - 2. What is n(f)?
8
Let n(w) = -2*w + 5. Let q(r) = -r**3 - 2*r**2 + 9*r + 8. Let l be q(3). Calculate n(l).
25
Let y(t) be the first derivative of t**4/4 + 2*t**3 + 7*t**2/2 + 3*t - 7. Let z = -188 - -103. Let g = 80 + z. Give y(g).
-7
Let f(s) = 24*s**2 - 5*s + 4. Let k = 871 - 880. Let c(x) = -52*x**2 + 11*x - 9. Let l(t) = k*f(t) - 4*c(t). Determine l(1).
-7
Let w(j) = -j**3 + 14*j**2 - 19*j + 6. Let i be (126/(-24))/21*-52. Give w(i).
-72
Let h(x) = 7*x**3 + 21*x**2 - 30*x - 49. Let j(v) = 4*v**3 + 10*v**2 - 15*v - 23. Let u(t) = -3*h(t) + 5*j(t). Determine u(-14).
18
Let b(c) = -c**3 + 3*c**2 - 2*c - 5. Let x(y) = y**3 - 4*y**2 + 3*y + 6. Let w(f) = -5*b(f) - 4*x(f). Let r be 2*(-5 + 8/2) + 0. What is w(r)?
1
Suppose 431*h - 4*c + 7 = 428*h, -3*h - 2*c - 1 = 0. Let r(w) = -5*w**2 + w**2 - w**2 + w. Determine r(h).
-6
Let k be 54/4*(-3 - -1). Let c = k - -30. Suppose -c*r = 2*r + h + 6, -4*h + 24 = -4*r. Let z(l) = l**3 + 2*l**2 - l + 2. Determine z(r).
4
Let k(l) = l**3 - 5*l**2 + l + 5. Let y be k(5). Let g be 0 + 1 - 30/y. Let c(r) = -2*r. Let x(f) = -f. Let u(b) = -c(b) + 4*x(b). Calculate u(g).
4
Let p(x) = -x**3 - x**2. Let r(u) be the first derivative of u**4/4 + u + 99. Let m(f) = -p(f) - 2*r(f). Determine m(0).
-2
Let y(f) = 0 - f + 4 - 2*f. Let a(q) = 2*q**3 - 19*q**